1 - -10) - (-74 + 78)
2
4 + (0 + 3 - (-1 - -1))
7
(21 + -25 - -9) + -6
-1
(-5 - (15 - 3)) + -2 + 3 + 5
-11
Calculate 14 + -6 - (-46 + 30).
24
What is (-3 + 1 - (-10 - -4)) + 2 + -3?
3
Evaluate 11 + -23 + 15 - ((-2 - 0) + 6).
-1
Calculate 9 + (47 - 32) + (0 - 11).
13
(-6 - -8) + -15 + 27
14
Calculate -5 - (13 + (-5 - -3) + (-10 - -5)).
-11
Evaluate (17 - -2) + (-382 - -367).
4
(0 - -3) + (7 - (-2 - -21) - -10)
1
Evaluate -1 - (-5 - -3) - ((64 - 29) + -42).
8
What is the value of (-37 - -30 - (0 + -10)) + 7?
10
Evaluate 53 + (46 - 118) - (1 - 21).
1
Evaluate (9 - -7) + 13 + -1 + -12.
16
Calculate 16 + -3 + (5 - 1) + -1 + -3.
13
Evaluate (-39 - -59) + (4 - 46).
-22
What is -4 - (-11 + 3 - (-10 + 2))?
-4
What is the value of 20 + (-9 + 3 - 3) + 12 + -1?
22
What is the value of -5 + (9 - (0 - 2)) - (-1 + -1)?
8
26 + -37 + (4 - -17) + -8
2
Calculate 0 - 1 - (-1 + 3) - (-729 - -728).
-2
What is the value of 5 - (-4 + 4 + 5 - (-31 - -23))?
-8
Calculate 6 - (73 - 56 - (2 + 5)).
-4
Evaluate (6 - -2) + 0 + -17 + -5 + -3.
-17
15 + (14 - 26) + 11
14
Calculate 26 - (4 - -11 - 15).
26
What is (6 - (-8 + 29)) + 0 + (3 - 2)?
-14
(-4 - (9 + 2)) + (-3 - 3) - 2
-23
What is 41 + (-10 - -2) + -26?
7
-11 + 3 - (22 - 20)
-10
Calculate (0 - -7 - -16) + -11 + 4 + 1.
17
Calculate ((4 - 4) + -9 + 9 - -6) + 2.
8
What is 1 + 33 + (-10 - 0)?
24
What is -14 + (-13 + 17 - (0 - 2))?
-8
Calculate -3 + 3 - 2 - (-9 - 5).
12
Evaluate 10 + -86 + 69 + -2 + -14.
-23
What is the value of -7 - (68 - 61 - (1 + -1))?
-14
15 + 6 + 14 + -45
-10
What is the value of (178 - 178) + (-14 - 0)?
-14
What is -30 - (-15 + (16 - 19 - (2 - 15)))?
-25
What is the value of -16 + 3 - (10 - (34 + 11))?
22
Evaluate 30 + 5 + (13 - 38) + 20.
30
Calculate -22 - (-4 - (25 + -11)).
-4
(6 - 32) + (313 - 265)
22
What is the value of -12 - (-41 + 13 - (5 + -10 + 5))?
16
What is the value of 75 + -87 + (-6 - -5)?
-13
-7 - (-13 - (-18 + 4 - -4))
-4
What is the value of 34 - 48 - (-2 + -4)?
-8
Evaluate -35 + 17 + 20 - (-1 - -13).
-10
-7 + -2 + 4 - -1 - (-5 + 10)
-9
-16 + (16 + 8 - 31)
-23
What is the value of (12 - 10) + (2 - (1 + -3 + -2))?
8
Evaluate -21 - (-5 + -13 + 29) - (4 + -1).
-35
Evaluate 17 + -8 + 12 - 10 - (2 - 1).
10
3 + (7 - (10 - -3)) - (0 - -2)
-5
15 + -17 - 22 - -12
-12
Calculate 30 - (-10 - -16) - 10.
14
Evaluate -10 - (16 - -1 - 8 - 3).
-16
What is 1 - ((0 - (-5 + -4)) + 3)?
-11
Calculate (-28 - -12) + -44 + 34.
-26
Evaluate 39 - (17 - (-4 + 19)).
37
-75 + 88 + -7 + (-25 - -8)
-11
What is the value of 3 + -12 + (2 + 2 - 5) + 6?
-4
-19 - (-19 + 11 - 4)
-7
Evaluate -7 + 29 - (2 - 1) - (0 + 6).
15
What is the value of -24 + (-15 - 0 - -29)?
-10
What is the value of 3 + (2 - 19) + (-17 - (-23 + 10))?
-18
Evaluate 12 - (13 - (0 + -7 - -2)).
-6
What is -8 + (29 - (-10 + 9 - 1))?
23
Calculate (-26 - (32 - 55)) + (-4 - -2 - -2).
-3
Calculate -5 - (3 + -5 - -2) - (4 - -5).
-14
What is 6 - (((-1 - -2) + 3 - 1) + 4)?
-1
What is -16 - (-1 + (-1 - 5) + 4)?
-13
Calculate 0 - (-3 + -1 + (6 - -4)) - -15.
9
Calculate -8 + (4 + -13 - -11) - 8.
-14
What is (17 - -3) + 10 + -13?
17
What is the value of 8 + (3 + -12 - -9)?
8
What is the value of 8 + -18 - (15 + -14 - (7 + 1))?
-3
Evaluate 20 - (-13 - (-27 + 18)).
24
1 - -22 - (-45 + 64)
4
-3 + 15 + -16 + -40 - (-10 - 1)
-33
What is the value of -10 - (-7 + 9 + -22) - 17?
-7
Evaluate 8 + 5 + -4 + 0 + -5.
4
Evaluate -15 + 8 + 11 - (0 - (-2 + -24)).
-22
Calculate -14 + (-9 - -23) + (-12 - -1).
-11
Evaluate 3 + (-26 - (2 + (-14 - -5))).
-16
What is (0 - 3) + (-1 - 3 - (-2 + 2))?
-7
Evaluate 31 - (-14 + 38) - (-15 + 1).
21
What is -1 + 0 + -543 + 539 + -1 + 32?
26
What is -12 + 4 + (-2 - (-43 + 4))?
29
What is the value of -1 + -1 + -25 + 30?
3
What is -3 - (12 + (-14 - -18) + 7)?
-26
What is 11 - (-8 - (1 - 13)) - 4?
3
What is -38 + 28 + -24 + 30?
-4
0 + (-31 - -46 - 22)
-7
What is 2 - ((4 - -10) + -4 + -1 - 3)?
-4
What is 8 - 1 - (17 + -25 + 3 + 4)?
8
Calculate 22 + -1 + -3 - 2 - (56 + -58).
18
Calculate 0 - 18 - (-13 - 16) - -18.
29
Evaluate -9 - (-16 + 18 - (-1 + -2)).
-14
What is the value of -1 + 26 - (109 - 96)?
12
(37 - (39 + -33)) + -50
-19
What is 1 - 8 - (11 + 11 + -4 + -30)?
5
What is ((1 - 3) + -18 - (-66 - -77)) + 3?
-28
What is -5 - (5 + -2 + -10 + 0 + -3)?
5
What is 22 + -3 + -42 + 14?
-9
(-474 - -435) + (11 + 2 - 2)
-28
Calculate 36 + -32 + -9 + 0.
-5
Evaluate -7 - (0 - 0) - (-4 + (-15 - -18)).
-6
What is the value of -3 + (10 - (12 - -1)) + -17?
-23
Evaluate 176 + -161 - (-1 - 2).
18
(-10 - (-1 + (-15 - 2))) + -20
-12
-2 + -1 + (38 - 28) + -23
-16
Evaluate -7 + -1 + -4 + (-12 - -17).
-7
Evaluate 35 + 8 + (3 - 69).
-23
Calculate -12 + (-5 - -3) - -26.
12
Calculate 4 + 16 + (0 - 1) + 14 + -18.
15
-27 - -12 - (20 + -24) - -7
-4
What is (2 - -2) + (20 - 35 - -16)?
5
Calculate 7 + (4 - (23 + (3 - 11))).
-4
-8 + (-9 + 17 - 7)
-7
What is -13 + 3 + 15 + -8 - -4?
1
(7 - 2) + -22 + (-9 - -44 - 19)
-1
What is 2 + 0 + -2 + -5 - -13?
8
What is -2 + 0 + -13 + 4?
-11
Evaluate -18 - (10 + -18) - (6 - 16).
0
What is -3 + -1 + (0 - -3) - (1 - 11)?
9
Evaluate 6 + -5 + -6 + -2.
-7
Evaluate -2 - (10 - (7 + 0 + -9)).
-14
-40 - -21 - (-44 + 15)
10
What is the value of 3 + -8 + (1 + -3 - -11 - -1)?
5
(7 - 16) + (6 - 3) - -3
-3
What is 1 + (6 - 11) - (10 - 17)?
3
What is the value of 7 + (9 - (1 - 1))?
16
0 + -1 + (16 - 12 - -1)
4
What is 17 - (-2 - -10) - 28?
-19
What is the value of (1 + 1 - -3) + -34 + (35 - 29)?
-23
1 - 12 - (-194 - -161)
22
-11 - -30 - 15 - (5 + 4)
-5
What is the value of 2 + 29 + -23 + (7 - 4)?
11
What is the value of -11 - (-13 + -12 + 22 + 2) - 27?
-37
Calculate 7 - (14 + (-19 - -6)).
6
Evaluate -8 + -2 - 1 - (-4 + 52 - 46).
-13
What is (0 + (-5 - -10) - -2) + -10?
-3
Calculate -17 + (3 - -6) + (10 - 3) - 3.
-4
Calculate (7 + 2 - 3) + (-194 - -194).
6
Evaluate 4 + -12 + -9 + 12.
-5
What is the value of (-9 - (-15 - (-3 + -6))) + 15 + 1?
13
What is the value of -14 + (-7 - (-15 + 13) - 7)?
-26
What is 34 - (-1 - 9 - -24)?
20
What is the value of -11 - (-10 + 5 - (-3 + (6 - 8)))?
-11
4 + (-3 - (-2 - -3)) + (-18 - 13)
-31
What is the value of 11 + 14 + -46 + 1 + 2?
-18
-3 + (16 - 24) + 20 + -10
-1
What is 2 + (0 - (4 - -1) - (41 + -29))?
-15
Evaluate -6 + (20 - -3) + -20.
-3
What is -3 + 0 - (-8 + (18 - 16 - 12))?
15
What is the value of -16 - (-27 + 3 + 9)?
-1
Calculate -19 + (-29 - -40) - (0 - (0 + 31)).
23
-46 + 31 + (1 - (0 + -8))
-6
What is (-2 - -11) + (-44 - -38) - 0?
3
-5 - (-5 - (15 - 11))
4
Calculate (20 - -3) + (168 - 178).
13
Calculate 23 + 1 + -11 + (-2 - 3 - 1).
7
Calculate 8 + -1 - (26 + -15 + -16).
12
Calculate (-124 + 105 - (-19 - 1)) + -9.
-8
What is (29 - 24 - -8) + -30?
-17
-50 - 2 - (-18 - (4 - 7) - -3)
-40
Calculate ((5 - 22) + 5 - -4 - -5) + 7.
4
(-2 + 13 + 14 - 16) + -36
-27
What is 8 + -64 + 72 + (0 - 2 - 14)?
0
What is the value of 0 + 1 - (-52 + 14 - -31)?
8
What is the value of 43 - 32 - (8 - 3)?
6
Calculate 37 - (76 + -23 + 3).
-19
(0 - (1 - (3 - -1))) + (-103 - -99)
-1
Calculate -10 - (4 + (-4 - 20)).
10
0 + 4 + -11 + 11 + -3
1
What is -2 - (17 - 10) - ((-2 - -1) + 1)?
-9
What is (1 - -1) + (15 - (-2 - -7)) + -2?
10
What is the value of -5 + ((-6 - -6) + 0 - 0 - -3)?
-2
What is the value of (145 - 150) + (-1 - -51) - 9?
36
What is the value of -37 - (33 + -103) - 21?
12
What is the value of (-10 - -3 - -14) + -19?
-12
-2 - ((0 + -2 - 6) + 92 + -94)
8
Calculate -11 - (-23 + (-7 - -9)).
10
Calculate 0 - 12 - (345 - 379).
22
Evaluate (-6 - -12) + (3 - 7) + 10.
12
4 + (4 - 7 - -1 - (4 - 3))
1
What is the value of -5 + 3 + -1 - (25 - 25) - -11?
8
Calculate 30 + (-51 - -25) - -4.
8
Evaluate (0 - 0) + (9 - 33) + 26.
2
Evaluate 36 + -2 + -18 - (-8 + 0) - 0.
24
-471 + 482 - (0 + 17) - (5 - 2)
-9
Calculate -1 + -7 - ((26 - 21) + -5) - -7.
-1
-46 + (47 - (21 - 3))
-17
What is the value of 12 - (16 - -16 - (-9 + 9))?
-20
Evaluate -19 - 3 - (-5 - 29).
12
(7 - (-8 - -13)) + 4 + -1
5
82 + -30 + -44 + 18
26
-179 + 186 - (-4 - (1 - 2)) - 18
-8
What is 5 - (-19 + 12) - 5?
7
Calculate -348 + 318 - (-37 - -1).
6
Evaluate -5 + -4 + 4 + -5 + 7.
-3
What is the value of 3 - -1 - (-8 + (10 - 17) - -25)?
-6
What is the value of (-10 - -1) + (-19 - -28)?
0
Evaluate -44 + 27 + 38 + 9.
30
What is the value of 2 - (3 + (-22 - -9))?
12
What is (-24 - -2